- 11/4*a**4 + 0*a**2. Give b(1).
-11
Let p(f) be the first derivative of 5*f**2/2 - 9*f + 135. What is p(6)?
21
Let o(m) be the third derivative of m**4/24 - 2*m**3 - 165*m**2. Determine o(10).
-2
Suppose 0 = -2*a + 129 + 5. Suppose 14*w + 3 = -a. Let d(r) = -r**3 - 4*r**2 + 5*r - 4. Determine d(w).
-4
Let p(l) = 3*l**2 - 35*l - 44. Let a be p(13). Let d(f) = f**2 - 6*f - 6. Give d(a).
10
Let k be (-1)/(-6) + (-14)/12. Let d(y) be the second derivative of -13*y**4/12 + y**3/6 + y**2/2 - 41*y. What is d(k)?
-13
Let r(n) = -n**3 - 3*n**2 + 10*n + 2. Let g be r(-5). Suppose 4*o - 36 = -4*z, -17 = -z + g*o + o. Let q(t) = t - 8*t**2 - 4*t**2 + 4 + z*t**2. Calculate q(-4).
-16
Suppose 0 = -11*c + 15*c - 12. Suppose 0 = c*v - 2*m - 1 + 23, v + 14 = 2*m. Let a(s) = -s**2 + s + 1. Calculate a(v).
-19
Let p(b) = 18*b - 20*b - 2 + 3 + 14*b. Let g(n) = n**3 - n**2 - n - 1. Let o(c) = -c**3 + 3*c**2 + 4*c + 2. Let w be o(4). Let m be g(w). Give p(m).
13
Suppose 0*d + 5 = -d. Let i be 26/(-65) + (-27)/d. Let q(a) = 2*a**2 - a - 7. Let g(u) = -3*u**2 + 2*u + 11. Let l(s) = i*g(s) + 8*q(s). Give l(-4).
7
Suppose 82*i + 60 = 72*i. Let h(x) = -5*x - 30. Give h(i).
0
Let n(w) be the second derivative of 2*w**3/3 - 2*w**2 - 168*w. What is n(7)?
24
Let v(d) be the third derivative of -d**6/120 - 7*d**5/60 - d**4/6 - d**3/6 + d**2 - 61*d. What is v(-7)?
27
Let t be 0 + (2 - (3 + -4)). Let w be ((-4)/t)/((-12)/18). Suppose 2*d + w = -0*d. Let n(m) = 7*m**3 + 2*m**2 - 1. Give n(d).
-6
Let r(s) be the first derivative of -s**4/4 - s**3 - s**2 + s - 157. Calculate r(-3).
7
Let z = 27 - 12. Let m = 25 - z. Let b(x) = m*x + 1 + x**2 - 20*x - 4 + 7*x. Give b(6).
15
Suppose -5*w = -194 + 154. Let d(b) = b**3 - 6*b**2 - 19*b + 3. What is d(w)?
-21
Let v(u) = -2*u + 14. Suppose -4*c - 4*a = -40, 5*c - 50 = -10*a + 14*a. What is v(c)?
-6
Let a(t) = 4*t - 6. Let w be a(3). Let o(v) = 34*v - 6 - 1 + 0 - 33*v. Determine o(w).
-1
Let w(i) = 7*i**3 + 3*i**2 - 5*i - 7. Let k be w(-1). Let y(f) = -f**2 - 7*f - 12. Calculate y(k).
-6
Let j(o) = -o**3 + o - 25. Suppose 0 = -6*a + p, -9*p = 5*a - 11*p. Calculate j(a).
-25
Let z(t) = 4*t + 0*t + 4*t - 9 + 6 - t**2. Calculate z(4).
13
Let n(j) = -3*j + 4*j + 0*j + 6*j - j. Determine n(-4).
-24
Suppose 56 - 21 = -5*o. Let b(g) = -g**3 - 8*g**2 - 7*g + 8. Calculate b(o).
8
Let c be ((12/(-4))/6)/(6/(-60)). Let n(k) = -3*k - c*k + 7*k - 4. Let d(j) = j - 2. Let q be d(2). Determine n(q).
-4
Let x(w) = -3*w + 25. Let m be x(9). Let b(v) = -2*v**3 + 2*v**2 + 2*v + 3. Give b(m).
23
Let h = 22 - 25. Let u(o) be the first derivative of o**5/20 + o**4/3 + o**3/2 + o**2 + 5*o + 5. Let l(y) be the first derivative of u(y). Determine l(h).
2
Let y(i) = 3*i + 8. Suppose 2 = 2*o - 4. Let p be o/(-6) + (3 - (-34)/(-4)). Determine y(p).
-10
Let x(p) = -p**2 + 5*p - 13. Let w be (-360)/36 - (-16 - 0). Determine x(w).
-19
Let j(b) be the third derivative of b**5/60 - b**4/8 - 5*b**3/6 - 5*b**2. Let x be j(5). Let p(c) = -5 + c - x*c + 9 + 3*c. Give p(7).
-3
Let t be (-6)/4*8/(-6) - 7. Let d(p) = -p**2 - p + 3. Determine d(t).
-17
Suppose 73 = -3*x + 49. Let m(a) = a**3 + 9*a**2 + 7*a - 8. Give m(x).
0
Let h be ((-1)/3 + -1)*(-15)/(-10). Let o(b) = b**3 - 6*b**2 + 3*b - 2. Let r(l) = -l**3 + l**2 - l. Let p(c) = h*r(c) - o(c). Calculate p(-4).
6
Let z = 3 - 4. Suppose -5*m - 15 - 15 = 0. Let p(y) = -7*y + 11. Let i(v) = v - 1. Let h(l) = m*i(l) + z*p(l). Give h(0).
-5
Let t(p) = 22*p**3 + p**2 - 1. Let q(z) = -z - 5. Let g be q(-4). Calculate t(g).
-22
Suppose -3*o = -1 - 14. Let h(f) = 2*f - 6. Let t be h(o). Let k be (1 - t/4)*-1. Let a(s) = s**3 + s**2 - 2. What is a(k)?
-2
Let s be (-1)/(-2)*-2 - (1 - 4). Let r = -3 + 6. Let u(c) = 6*c**3 - 6*c - 14*c**3 + 4*c**s + 9*c**r - 6. What is u(-5)?
-1
Let l = 0 - -2. Let t be (3/(-9))/(2/(-18)). Let z(d) = -l - d - t - 3 + 6. What is z(-6)?
4
Let j(n) = 5*n**3 - 5*n**2 - 5*n + 3. Let a(g) = -9*g**3 + 9*g**2 + 9*g - 6. Let d(p) = -3*a(p) - 5*j(p). What is d(2)?
7
Let u(n) = -5*n**2 + 2*n - 10. Let p(v) = -4*v**2 - 7. Let w(z) = 4*p(z) - 3*u(z). Suppose -9 - 11 = 4*l. Determine w(l).
7
Let z(k) be the third derivative of 0*k - 1/6*k**3 + 0 - 1/24*k**4 - 2*k**2 - 19/60*k**5. Let j(x) = x + 4. Let y be j(-5). Give z(y).
-19
Let y be (39/(-6))/(45/(-10) + 4). Suppose -t + y = 7. Let a(s) = -3*s + 6. Determine a(t).
-12
Let w(d) = -64*d - 9. Let a(r) = 154*r + 22. Let g(l) = -5*a(l) - 12*w(l). Determine g(-4).
6
Let h(x) = -x**3 - 7*x**2 + 2. Let s be h(-7). Let n = 2 + s. Suppose 0 = n*q + 8, 0*a + 2*a + q = -8. Let v(k) = 5*k + 3. Give v(a).
-12
Let r(h) = -h**3 - h**2 + 4*h - 1. Let f = -88 - -85. Calculate r(f).
5
Let m(c) = c - 1. Suppose 0 = 4*g - 2*d - 1 - 15, 5*g - 20 = 2*d. Suppose -g*r - 2 = 2. Determine m(r).
-2
Let t be (1/(-2))/((-7)/14 + 0). Suppose 5*s + q + 12 = 0, 12 = -s + 4*q - 3. Let g = t + s. Let d(h) = -3*h + 2. Determine d(g).
8
Let n(c) = c. Let g be 3/(-1) - (-95)/19. Let l(h) = 4*h - 2*h + 1 - 5*h. Let b(z) = g*l(z) + 5*n(z). Determine b(4).
-2
Let v = 11 - 9. Suppose 7*o + 6 = v*o + 3*z, -3*z = -o - 6. Suppose -q - 1 = p, 5*p - 3*q + o = 27. Let w(u) = -4*u + 3. What is w(p)?
-9
Let i(q) = q**3 - 9*q**2 + 9*q - 7. Let n be i(8). Let d(h) = h**3 - h**2 + 1. Determine d(n).
1
Let y(l) = l - 1. Let q(a) = -2*a + 1. Let i(z) = -2*q(z) - 3*y(z). Let h(m) = m**2 + 4*m - 1. Let j be -10*(2 + 9/(-6)). Let f be h(j). What is i(f)?
5
Suppose -s - 4 = 2*a - 3*s, -4*a - 18 = -2*s. Let t(h) = -h**3 - 5*h**2 + 9*h. Give t(a).
35
Let k(q) = q**2 - 6*q + 2. Let n(l) = -5*l - 11. Let z be n(-3). Suppose 30 = z*y + y. Calculate k(y).
2
Let t(f) be the third derivative of 1/3*f**3 - 1/120*f**6 + 0*f - 1/4*f**4 + 2/15*f**5 + 0 - f**2. What is t(7)?
9
Let d(z) = -z**2 - 6*z - 8. Let q(k) = -k**2 - 6*k - 9. Let f(n) = -n**2 - 6*n - 9. Let b(v) = 5*f(v) - 4*q(v). Let x(u) = -4*b(u) + 5*d(u). What is x(-4)?
4
Let n = -17 + 26. Let r = 8 - n. Let s(i) = -i**3 + i**2 - i + 1. Let j(b) = -3*b**3 - 2*b - 1. Let p(l) = r*j(l) + 2*s(l). Calculate p(-3).
-6
Let t(l) be the second derivative of -l**3/6 - 2*l**2 + l. Let c(x) = x**3 - 14*x**2 + 35*x - 16. Let f be (9 - 5 - 6)*(-22)/4. Let k be c(f). Give t(k).
-10
Let z be 7/(-4)*-4*1. Let f(h) = 26*h**2 - 6*h + 2. Let s(k) = 5*k**2. Let x(v) = -f(v) + 5*s(v). Calculate x(z).
-9
Let x = 17 + -3. Let v(j) = -21 + 15 + x + 4*j. What is v(-7)?
-20
Let u(j) = j**3 - 7*j**2 + 5*j + 8. Let r = 139 + -133. Calculate u(r).
2
Let u(f) = -f**2 - 5*f - 9. Suppose -3*y + 21 = p, 70 = 5*p - 3*y - 17. Suppose 0 = -5*k + 2*k - p. Calculate u(k).
-15
Let p(w) = -41*w**2 + 1 + 11*w**2 + 20*w**2. Let h(z) = z**2 - 2*z - 4. Let a be h(3). Let l = 2 + a. Determine p(l).
-9
Let x(l) be the first derivative of -l**2/2 + 7*l - 689. Calculate x(10).
-3
Let q(h) = -20*h + 81. Let v(r) = 11*r - 40. Let k(c) = -3*q(c) - 5*v(c). Calculate k(10).
7
Let i(y) = 2*y**3 + 14*y**2 + 7*y - 13. Let v = -30 - -24. Let q(u) = u**3 + 7*u**2 + 4*u - 7. Let b(r) = v*i(r) + 11*q(r). What is b(-7)?
-13
Let p(d) be the second derivative of d**5/20 + d**4/2 + d**3/2 - d**2/2 + 323*d. Give p(-3).
17
Let l(f) = -4*f + 3*f + f**2 - 2*f**2 + 15 - 3*f - 2. Calculate l(-6).
1
Let n be 46/8 + 2/8. Let y(r) be the second derivative of r**5/20 - 5*r**4/12 - r**3 + 5*r**2/2 - 1104*r. Give y(n).
5
Let x(m) = m**2 - 7*m + 11. Let b(t) = 5*t**2 - 34*t + 56. Let l(f) = 2*b(f) - 11*x(f). What is l(7)?
5
Let f(b) = 3 - 4 + 7*b**2 - 1 - 2*b**2 - 2*b - 7*b**2 + b**3. Calculate f(3).
1
Let i(l) = -l**2 - l + 17. Let n be 40/10*1*-1. Let d be ((0/3)/n)/(-1). Give i(d).
17
Suppose 3*k + 2*k = 20, -2*l - 5*k + 36 = 0. Suppose -7 - l = -5*r. Suppose 22 = -r*x + 19. Let b(f) = -5*f + 1. What is b(x)?
6
Let j(k) = k**3 - k**2 - 2*k + 6. Suppose 0 = -32*r + 10*r + 88. Determine j(r).
46
Let m(z) be the first derivative of z**4/4 + 8*z**3/3 - 4*z**2 + 2*z - 72. Give m(-9).
-7
Suppose -110 = 10*s - 15*s. Let g = -15 + s. Let t(c) = 10*c - 5*c - c**3 + 4 - 4*c**2 - g*c. Give t(-3).
1
Let d(r) = r + 1. Suppose 0 = 4*y + 8 + 4. Let v be (2/y)/((-2)/21). Let q(s) = -s + 2. Let o be q(v). Determine d(o).
-4
Suppose 466 = 7*f + 424. Let r(l) = -l**2 + 8*l - 11. What is r(f)?
1
Let m(n) be the first derivative of n**4/4 - 16*n**3/3 + n**2 - 2